{"id":1243,"date":"2023-10-10T11:56:50","date_gmt":"2023-10-10T14:56:50","guid":{"rendered":"https:\/\/plataformacosmoseducacao.com.br\/?post_type=product&#038;p=1243"},"modified":"2024-08-09T17:00:13","modified_gmt":"2024-08-09T20:00:13","slug":"combo-colecao-ciencias","status":"publish","type":"product","link":"https:\/\/plataformacosmoseducacao.com.br\/?product=combo-colecao-ciencias","title":{"rendered":"COMBO &#8211; COLE\u00c7\u00c3O CI\u00caNCIAS"},"content":{"rendered":"<p><strong>(Cole\u00e7\u00e3o Ci\u00eancias &#8211; Completa)<\/strong><\/p>\n<p><strong> Quer ter a cole\u00e7\u00e3o completa de ci\u00eancias com aquele descontinho que alegra o cora\u00e7\u00e3o?\u2764\ufe0f<\/strong><\/p>\n<p>\ud83d\udcd1 ATIVIDADES INCLUSAS: \ud83d\udd38ANIMAIS OV\u00cdPAROS \ud83d\udd38ROTA\u00c7\u00c3O\/TRANSLA\u00c7\u00c3O \ud83d\udd38SISTEMA ESQUEL\u00c9TICO \ud83d\udd38EXPERIMENTO DE REDI \ud83d\udd38HIGIENIZA\u00c7\u00c3O DAS M\u00c3OS \ud83d\udd38SISTEMA RESPIRAT\u00d3RIO \ud83d\udd38JOGO MEM. SIST. SOLAR \ud83d\udd38ROLETAS CELULARES \ud83d\udd38N\u00cdVEIS ORG. DA VIDA \ud83d\udd38CAMADAS DA TERRA \ud83d\udd38CLASSIF. SERES VIVOS \ud83d\udd38REINO PLANTAE \ud83d\udd38REINO MONERA \ud83d\udd38JOGO DA GEN\u00c9TICA \ud83d\udd38REINO PROTISTA \ud83d\udd38REINO FUNGI \ud83d\udd38REINO ANIM\u00c1LIA \ud83d\udd38SENTIDOS \ud83d\udd38SISTEMA NERVOSO \ud83d\udd38CADEIAS ALIMENTARES \ud83d\udd38BIOMAS BRASILEIROS<br \/>\n\ud83d\udd38SIST. REPROD. MASCULINO \ud83d\udd38SIST. REPROD. FEMININO \ud83d\udd38GESTA\u00c7\u00c3O E FECUNDA\u00c7\u00c3O \ud83d\udd38ECLIPSES \ud83d\udd38CICLO MENSTRUAL \ud83d\udd38FOLDER M\u00c9TODOS CONTRACEPTIVOS \ud83d\udd38MITO OU VERDADE &#8211; IST&#8217;s \ud83d\udd38CAMADAS DA ATMOSFERA \ud83d\udd38RELA\u00c7\u00d5ES ECOL\u00d3GICAS \ud83d\udd38CICLO DAS ROCHAS \ud83d\udd38FASES DA LUA SISTEMA SOLAR MOBILE \ud83d\udd38MOVIMENTOS &#8211; TERRA, LUA E SOL \ud83d\udd38SISTEMA CIRCULAT\u00d3RIO \ud83d\udd38MAQUETE SISTEMA SOLAR \ud83d\udd38O SOLO\u00a0 \ud83d\udd38JOGO DA \u00c1GUA<br \/>\n\ud83d\udd38BIG BANG \ud83d\udd38MODELO AT\u00d4MICOS \ud83d\udd38M\u00c1QUINAS SIMPLES \ud83d\udd38CICLO DA \u00c1GUA \ud83d\udd38SISTEMA DIGEST\u00d3RIO \ud83d\udd38SISTEMA URIN\u00c1RIO \ud83d\udd38ANIMAIS OV\u00cdPAROS E VIV\u00cdPAROS \ud83d\udd38TECIDOS DO\u00a0 CORPO HUMANO\u00a0 \ud83d\udd38METODOLOGIA CIENT\u00cdFICA\u00a0 \ud83d\udd38SISTEMA END\u00d3CRINO<\/p>\n<p>&nbsp;<\/p>\n<p>\ud83d\udcb040% de desconto no valor total das atividades que estiverem dispon\u00edveis no momento da compra.<\/p>\n<p>Esse super combo ser\u00e1 permanente, o valor vai mudando conforme forem adicionadas novas atividades.<\/p>\n<p>&nbsp;<\/p>\n<p><strong>ATUALIZADO EM: 09\/08\/24<\/strong><\/p>\n<p>&nbsp;<\/p>\n<p>&nbsp;<\/p>\n<p><strong>Mais imagens e v\u00eddeos no perfil do Instagram (@cosmoseducacao). <\/strong><\/p>\n<p><strong>Se puder tirar e compartilhar fotos da aplica\u00e7\u00e3o da atividade, ser\u00e1 maravilhoso!!!\u00a0<\/strong><strong>\ud83d\ude42<\/strong><\/p>\n","protected":false},"excerpt":{"rendered":"<p>(Cole\u00e7\u00e3o Ci\u00eancias &#8211; Completa) Quer ter a cole\u00e7\u00e3o completa de ci\u00eancias com aquele descontinho que alegra o cora\u00e7\u00e3o?\u2764\ufe0f \ud83d\udcd1 ATIVIDADES [&hellip;]<\/p>\n","protected":false},"featured_media":1245,"template":"","meta":{"_monsterinsights_skip_tracking":false,"_monsterinsights_sitenote_active":false,"_monsterinsights_sitenote_note":"","_monsterinsights_sitenote_category":0,"site-sidebar-layout":"default","site-content-layout":"","ast-site-content-layout":"default","site-content-style":"default","site-sidebar-style":"default","ast-global-header-display":"","ast-banner-title-visibility":"","ast-main-header-display":"","ast-hfb-above-header-display":"","ast-hfb-below-header-display":"","ast-hfb-mobile-header-display":"","site-post-title":"","ast-breadcrumbs-content":"","ast-featured-img":"","footer-sml-layout":"","theme-transparent-header-meta":"","adv-header-id-meta":"","stick-header-meta":"","header-above-stick-meta":"","header-main-stick-meta":"","header-below-stick-meta":"","astra-migrate-meta-layouts":"default","ast-page-background-enabled":"default","ast-page-background-meta":{"desktop":{"background-color":"var(--ast-global-color-5)","background-image":"","background-repeat":"repeat","background-position":"center center","background-size":"auto","background-attachment":"scroll","background-type":"","background-media":"","overlay-type":"","overlay-color":"","overlay-opacity":"","overlay-gradient":""},"tablet":{"background-color":"","background-image":"","background-repeat":"repeat","background-position":"center center","background-size":"auto","background-attachment":"scroll","background-type":"","background-media":"","overlay-type":"","overlay-color":"","overlay-opacity":"","overlay-gradient":""},"mobile":{"background-color":"","background-image":"","background-repeat":"repeat","background-position":"center center","background-size":"auto","background-attachment":"scroll","background-type":"","background-media":"","overlay-type":"","overlay-color":"","overlay-opacity":"","overlay-gradient":""}},"ast-content-background-meta":{"desktop":{"background-color":"var(--ast-global-color-4)","background-image":"","background-repeat":"repeat","background-position":"center center","background-size":"auto","background-attachment":"scroll","background-type":"","background-media":"","overlay-type":"","overlay-color":"","overlay-opacity":"","overlay-gradient":""},"tablet":{"background-color":"var(--ast-global-color-4)","background-image":"","background-repeat":"repeat","background-position":"center center","background-size":"auto","background-attachment":"scroll","background-type":"","background-media":"","overlay-type":"","overlay-color":"","overlay-opacity":"","overlay-gradient":""},"mobile":{"background-color":"var(--ast-global-color-4)","background-image":"","background-repeat":"repeat","background-position":"center center","background-size":"auto","background-attachment":"scroll","background-type":"","background-media":"","overlay-type":"","overlay-color":"","overlay-opacity":"","overlay-gradient":""}}},"product_brand":[],"product_cat":[15,47,22,30,19,42,48,20,21,33,50],"product_tag":[],"class_list":{"0":"post-1243","1":"product","2":"type-product","3":"status-publish","4":"has-post-thumbnail","6":"product_cat-uncategorized","7":"product_cat-astronomia","8":"product_cat-biologia","9":"product_cat-ciencias","10":"product_cat-colecao-ciencias","11":"product_cat-combos","12":"product_cat-corpo-humano","13":"product_cat-ensino-fundamental-ii","14":"product_cat-ensino-medio","15":"product_cat-seres-vivos","16":"product_cat-meio-ambiente","17":"desktop-align-left","18":"tablet-align-left","19":"mobile-align-left","21":"first","22":"instock","23":"sale","24":"featured","25":"downloadable","26":"virtual","27":"purchasable","28":"product-type-simple"},"aioseo_notices":[],"jetpack_sharing_enabled":true,"_links":{"self":[{"href":"https:\/\/plataformacosmoseducacao.com.br\/index.php?rest_route=\/wp\/v2\/product\/1243"}],"collection":[{"href":"https:\/\/plataformacosmoseducacao.com.br\/index.php?rest_route=\/wp\/v2\/product"}],"about":[{"href":"https:\/\/plataformacosmoseducacao.com.br\/index.php?rest_route=\/wp\/v2\/types\/product"}],"version-history":[{"count":12,"href":"https:\/\/plataformacosmoseducacao.com.br\/index.php?rest_route=\/wp\/v2\/product\/1243\/revisions"}],"predecessor-version":[{"id":3060,"href":"https:\/\/plataformacosmoseducacao.com.br\/index.php?rest_route=\/wp\/v2\/product\/1243\/revisions\/3060"}],"wp:featuredmedia":[{"embeddable":true,"href":"https:\/\/plataformacosmoseducacao.com.br\/index.php?rest_route=\/wp\/v2\/media\/1245"}],"wp:attachment":[{"href":"https:\/\/plataformacosmoseducacao.com.br\/index.php?rest_route=%2Fwp%2Fv2%2Fmedia&parent=1243"}],"wp:term":[{"taxonomy":"product_brand","embeddable":true,"href":"https:\/\/plataformacosmoseducacao.com.br\/index.php?rest_route=%2Fwp%2Fv2%2Fproduct_brand&post=1243"},{"taxonomy":"product_cat","embeddable":true,"href":"https:\/\/plataformacosmoseducacao.com.br\/index.php?rest_route=%2Fwp%2Fv2%2Fproduct_cat&post=1243"},{"taxonomy":"product_tag","embeddable":true,"href":"https:\/\/plataformacosmoseducacao.com.br\/index.php?rest_route=%2Fwp%2Fv2%2Fproduct_tag&post=1243"}],"curies":[{"name":"wp","href":"https:\/\/api.w.org\/{rel}","templated":true}]}}